*b**2 + 137*b - 2. Let f be m(-3). Suppose 2*o - 5*s + 215 = 7*o, 2*o = 3*s + 86. What is the highest common factor of f and o?
43
Let h(x) = x**2 - 25*x + 29. Let t be h(24). Suppose t*d + 4*m - 30 = 0, -d + 6*d - 2*m = 0. What is the greatest common divisor of d and 5?
1
Let g = 1868 - 1855. Calculate the highest common divisor of 5330 and g.
13
Suppose 2*b = 5*w - 16419, 9*b - 3275 = -w + 5*b. What is the highest common divisor of 7 and w?
7
Suppose -24*y = -4*k - 18*y + 8054, y = 3*k - 6030. Calculate the greatest common factor of k and 735.
49
Let z = 1129 - 1063. Calculate the greatest common factor of 110 and z.
22
Let k be (1 + -1)/(1 + 0). Suppose 102 = a - k*a. Suppose -15 = -1400*q + 1399*q, -5*f + 845 = 45*q. Calculate the greatest common factor of a and f.
34
Let c(x) = 53*x**2 - 20*x - 4. Let r be c(2). What is the highest common factor of r and 3976?
56
Suppose -31*y - 118048 = -242*y - 61*y. Let v = 19 - 5. Calculate the highest common divisor of v and y.
14
Let y(x) = 72 + 275*x**3 - 9*x + 25*x - 277*x**3 + 9*x. Let q be y(-3). What is the highest common divisor of q and 34?
17
Suppose 4*j = 78 + 930. Suppose 28 - 190 = -3*d + 3*m, m - j = -5*d. What is the highest common divisor of d and 85?
17
Let b = 7468 + -7464. What is the highest common factor of b and 870?
2
Suppose 4*x + b - 67 = -0*b, x - 13 = -4*b. Suppose x = -2*c + 25. Suppose 7*l = 73 + c. Calculate the highest common divisor of l and 132.
11
Let j = -34 - -38. Suppose 0 = 2*d + 3*d + j*i - 78, -2*d + 20 = -4*i. Let h = 6 + d. What is the highest common factor of h and 10?
10
Let x = 11314 - 10139. Calculate the highest common factor of 25 and x.
25
Let q(r) = 5*r**3 + 2*r**2 - 2*r - 1. Let a(o) = 5*o + 96. Let j be a(-19). Let h be q(j). What is the greatest common factor of h and 88?
4
Suppose -465 = 3*p + 2*p. Let g(n) = -2*n**2 - 13*n + 44. Let m be g(-12). Let r = m - p. Calculate the greatest common divisor of r and 55.
5
Suppose 94 = 2*r + 40. Suppose 2*c - r - 13 = 0. What is the greatest common divisor of 60 and c?
20
Suppose -4*n + 348 = -2*u, -4*u = -2*n + 51 + 141. Calculate the highest common divisor of 14826 and n.
42
Suppose 19*v - 4103 = -174*v + 4775. Let z be (4/10)/(5/1150). Calculate the highest common divisor of v and z.
46
Suppose -2*p + 0*p = 2*w - 6, -2*w + 6 = 0. Let q = 0 + 4. Suppose o = 3*o - q*t - 72, -5*t - 20 = p. Calculate the greatest common factor of o and 7.
7
Let t(o) = 47*o + 5. Let x be t(-5). Let q = x - -322. What is the greatest common divisor of q and 736?
92
Suppose -6*x = -9*x + 273. Let i(j) = -85*j + 5390. Let z be i(63). Calculate the highest common factor of z and x.
7
Let p = 2063 - 1599. What is the greatest common factor of p and 80?
16
Let y(q) = 154*q - 1663. Let c be y(11). Calculate the greatest common divisor of 1 and c.
1
Suppose 153*t + 3841 = 320*t. Suppose 0 = n + 2*w - 67, n - 82 = 3*w - 10. What is the highest common divisor of n and t?
23
Let v be 143522/14 + 8*6/(-84). What is the greatest common divisor of 306 and v?
153
Let s be ((-1298)/295)/(3/(-15)). Calculate the highest common factor of 7 and s.
1
Let p be (3*18)/((-54)/(-36)). Suppose 6*b - 966 = -p. What is the highest common divisor of b and 62?
31
Let l(i) = 12*i - 2490*i**3 + 4 - 4*i**2 + 12*i**2 + 3*i - 4*i + 2491*i**3. Let d = -10 + 4. Let r be l(d). Calculate the greatest common divisor of r and 20.
10
Let i = 22771 - 9989. Calculate the greatest common factor of i and 22.
22
Let u be (-74)/(-5) + (-496)/620. Calculate the greatest common factor of 518 and u.
14
Suppose -2*n = 4*c + 6, 0*n + 3*c = -5*n + 13. Let p = n - -11. What is the highest common divisor of 176 and p?
16
Suppose j - 3*j = -52. Let b(s) = -25*s**2 - 7*s + 27*s**2 + 5*s + 1. Let w be b(3). What is the highest common divisor of j and w?
13
Suppose 0 = 9*m + 5*m - 56. Suppose -m*d + 4*v = -44, -2*d - 7 = -3*d - 3*v. Calculate the greatest common factor of 30 and d.
10
Let m(o) = -o + 96. Let g be m(0). Let u be 626/10 - -1*14/35. Let t = 75 - u. What is the highest common factor of t and g?
12
Let k(r) = -3*r**3 - 10*r**2 - 71*r - 469. Let u be k(-7). What is the highest common factor of u and 63?
63
Suppose 278 = 2*b - 592. Suppose -7*a + 4*a = -c - 47, -70 = -4*a + 5*c. What is the greatest common factor of b and a?
15
Suppose 230 = -65*v + 6340. Calculate the greatest common factor of 2538 and v.
94
Let x = -28074 + 29765. What is the greatest common factor of x and 513?
19
Let n = -9 - -14. Let f be (-20)/(-50) - (-123)/n. Suppose 0 = -2*t + 2*u - 5*u - 5, 0 = -5*t + 3*u + 40. What is the highest common factor of f and t?
5
Let y(d) = 19*d + 226. Let l be y(-7). Suppose 2*q - 3*q = h - 26, 5*h + 25 = 0. Calculate the greatest common factor of q and l.
31
Let t(w) = w**2 + 21*w + 48. Let y be t(-20). Let i(o) = 8*o**3 + o**2 - o. Let b be i(1). Let k be 253 - 4*2/b. What is the highest common divisor of k and y?
28
Suppose -z - 4*z + g = -20, -3*z = g - 4. Suppose -3*b = 2*n - z*n + 22, -3*n + 79 = 4*b. What is the greatest common factor of n and 1?
1
Suppose -5*g + 0*g - 3*m = -334, -g + 5*m = -50. Suppose -g = -3*q - 11. Calculate the greatest common factor of q and 45.
9
Suppose 9*y = 661 - 715. Let u be 159 + (-36)/48*8/y. Let o be 20/(-6)*3*-1. Calculate the greatest common divisor of u and o.
10
Let i be (105/(-20))/(2/(-8)). Suppose -6*s + i = -15. Suppose 4*v = 2*j - 0*j + 24, v - 5*j - s = 0. What is the greatest common factor of 4 and v?
2
Let k(n) = -n**3 + 10*n**2 + 5*n - 146. Let v be k(6). What is the greatest common divisor of 763 and v?
7
Let i be 506/184 + 9/(-2)*1/6. What is the highest common factor of i and 314?
2
Let m(h) = -h**3 + 21*h**2 - 33*h + 3. Let r be m(19). Suppose -5*p - r = -3*q, -3*q + 58 + 36 = -4*p. Calculate the highest common divisor of 26 and q.
26
Let q be -2*(-1 - -4) + 29. Calculate the greatest common factor of 3427 and q.
23
Let z(p) = 21*p**2 - 10*p - 2. Let h be z(7). Suppose 7*v - 36 - 105 = 468. What is the highest common divisor of v and h?
87
Let v = 2877 + -992. Calculate the greatest common divisor of 725 and v.
145
Let o(b) = -b**2 + 12*b + 87. Let s be o(-5). Suppose 0 = -3*k - 4*c + 68, -s*c - 52 = -2*k - 3*c. What is the greatest common factor of k and 238?
14
Let v be 18/3 + (216/(-12))/6. What is the highest common factor of v and 759?
3
Let b = -3795 + 3833. Calculate the highest common factor of 1501 and b.
19
Suppose -13*s + 57*s - 659 + 219 = 0. What is the highest common divisor of s and 2830?
10
Suppose 19*a = 16*a + 2*f + 1366, 14*f + 1810 = 4*a. Calculate the greatest common divisor of 1634 and a.
38
Let z = 1240 + -676. Suppose -10*i + z = -22*i. Let a = i - -95. What is the greatest common divisor of a and 6?
6
Suppose 5*a - 14*a + 945 = 0. What is the highest common divisor of a and 50?
5
Let y(p) = 193*p + 1161. Let f be y(-6). Let g = -138 + 201. Suppose -4*s - 3*c = -0*c - 48, -5*s = f*c - g. Calculate the greatest common factor of s and 3.
3
Suppose 9*q = -6*q + 60. Suppose 58 = 3*u + 4*p, -6*u + u + q*p = -54. Calculate the greatest common divisor of u and 14.
14
Suppose 619 = 4*q + 611. Suppose j - 16 = -h + q, 0 = -4*j - 5*h + 69. What is the greatest common factor of j and 420?
21
Let c be (108/5)/(7/70). Let s = -57 - -81. What is the greatest common factor of s and c?
24
Let z(f) = 3*f - 4. Let s be z(3). Suppose s*w - 2*w = 21. Suppose -w*j - 24 = -11*j. Calculate the greatest common factor of j and 4.
2
Let b(g) = -g**2 + g + 209. Let h be b(0). Let a = 83860 + -83827. Calculate the highest common divisor of h and a.
11
Let s be (-1 - -3*1) + 2. Let q(z) = z**3 - 4*z**2 + z + 3. Let m be q(s). Let v = 3139 - 3076. Calculate the highest common factor of m and v.
7
Suppose 0 = 3*v - 3*h + 4*h - 49, 4*v - 4*h - 76 = 0. Suppose -v*f + 877 = -398. What is the highest common divisor of 100 and f?
25
Let g(i) = i**2 + 7*i - 6. Let l be g(-8). Let w be (185/(-10))/((-2)/8). Let p = -69 + w. What is the highest common divisor of p and l?
1
Let j(t) = -t**2 - 19*t + 8691. Let i be j(84). Calculate the highest common factor of i and 416.
13
Suppose -144*h = -2*t - 141*h + 573, -3*t + 856 = -5*h. What is the greatest common divisor of t and 594?
297
Let q be ((-1)/(-2))/((-2)/(-12)). Suppose 